is the units digit of v?
9
Let w(i) = -4*i**3 - 3*i**2 - 2. Let t(p) = 3*p**3 + 4*p**2 + 2. Let y(m) = 5*t(m) + 4*w(m). Suppose -16 = -2*x - 3*n, n = 3*n. What is the units digit of y(x)?
2
Suppose 36 = 4*k - 4*j, -7 = 4*j + 13. Let s = k + 2. What is the units digit of s?
6
Suppose -w + 20 = -2*w. Suppose 4*i = -0*i - 20. What is the units digit of (-108)/w + 2/i?
5
Let g(u) = 2*u - 9*u + 3*u + 4. What is the tens digit of g(-10)?
4
Let x(h) = 9*h + 1. Let w be x(1). Let g(d) = d**3 - 3*d**2 - 7*d**2 - 6 + 6 + 8. What is the units digit of g(w)?
8
What is the tens digit of 1395/30 - 1/2?
4
Suppose -4 = -o + 8. Suppose -o = -3*t + f, 5*t + 3*f - f - 20 = 0. What is the units digit of t?
4
Let b = 82 + -39. What is the tens digit of b?
4
Suppose -7*b + 55 = -2*b. What is the tens digit of b?
1
Let c = 0 + 0. Suppose c = -0*y + 5*y. Suppose d + d - 2 = y. What is the units digit of d?
1
Let k(s) be the first derivative of 1/2*s**2 - 1 - 2/3*s**3 - 3*s - 1/4*s**4. What is the units digit of k(-3)?
3
Let q = 21 - 12. Let p = 5 - q. Let d = 12 - p. What is the units digit of d?
6
Let a be -3 + (-1)/((-4)/20). Suppose 3*n + a*n - 95 = 0. What is the units digit of n?
9
Suppose -q - 2 = -3*c, 5*q = 2*c + 2*q - 6. Suppose 5*n + 4 - 14 = c. Suppose -12 = -n*w - 2. What is the units digit of w?
5
Let g be 1 + 0 + (11 - 4). Suppose 10 = 2*k - g. What is the units digit of k?
9
Let g(h) = h**3 + 9*h**2 + 7*h - 5. What is the units digit of g(-6)?
1
Suppose 15 = -5*x - 15. Let m(j) be the third derivative of -j**6/120 - j**5/12 + j**4/4 + j**3 - j**2. What is the units digit of m(x)?
6
Suppose 0 = -25*v + 33*v - 1600. What is the units digit of v?
0
Let l(n) = n**2 + 3*n - 13. Let p be l(-10). Suppose 4*w - p = 111. What is the tens digit of w?
4
Let i(q) = 2*q - 9. Let n be i(6). Suppose 3 = -n*o + 15. Suppose u = -u + o. What is the units digit of u?
2
Let o = 71 + 79. What is the hundreds digit of o?
1
Let h(d) = -19*d + 3. What is the units digit of h(-5)?
8
Suppose 2 = -5*g - 23. Let h = g - -9. Let w(b) = b + 4. What is the units digit of w(h)?
8
Let o be (2 - 13/4)*-4. Let k = o + -1. What is the units digit of (1 - k - -1) + 7?
5
Suppose -5*s + 0*s = -10. Suppose 3*i = s*i + 5. Let k(v) = -v**2 + 7*v - 7. What is the units digit of k(i)?
3
Let x(v) = -v**3 + 5*v**2 + 7*v - 2. Suppose -4*d + 15 = -9. Let u be x(d). What is the units digit of (-12)/(-1)*2/u?
6
Suppose 3*b - s + 3*s - 19 = 0, -4*b - 3 = -3*s. Suppose -p - 6*n + 2*n = 0, 0 = -b*p + n + 13. Suppose 1 = -p*g + 5. What is the units digit of g?
1
Let i = -5 - -7. Let n(v) = 2*v**2 + 5*v - 5. What is the units digit of n(i)?
3
Suppose 0 = -5*j - 25, 5*y - 420 = 4*j + 1495. What is the tens digit of y?
7
Let t = 11 + -6. Suppose -t*x - 4 = -14. Suppose 4 - 2 = x*s. What is the units digit of s?
1
Suppose -227 = -f + 5*k - 2*k, 2*f - 409 = -3*k. What is the hundreds digit of f?
2
Suppose 480*w = 476*w + 1568. What is the hundreds digit of w?
3
Let b(s) = s + 20. What is the tens digit of b(-7)?
1
Suppose -7*u + 592 = -3*u. Let l be 4/18 + u/(-18). What is the units digit of (-42)/l - (-4)/(-16)?
5
Suppose -5*x - 8 - 17 = 0, -2*x - 6 = 4*q. Suppose q + 4 = -w. What is the units digit of w + 5 + 11/1?
1
Let g = -8 - -11. Suppose -4*k - 9 + 1 = 0, 0 = -g*n - 3*k. Suppose 0 = 4*p - 3*p - n. What is the units digit of p?
2
Suppose -4*w - 4 + 12 = 0. Suppose w = -4*n + 42. What is the units digit of n?
0
Let b(j) = -20*j**2 + 11*j + 15. Let u(z) = -10*z**2 + 5*z + 7. Let k(i) = 6*b(i) - 13*u(i). Let h be k(1). What is the units digit of (-4)/h + 17/5?
3
Let p be (-2 + (-3 - 10))*1. What is the units digit of p/(-5)*(-11)/(-3)?
1
Let m = -8 - -35. What is the units digit of m?
7
Let j(m) = 10*m - 2. Let p be j(2). Suppose -2*s = -2*q + p, -3*q - 2*s = 2*s - 27. Let u = -3 + q. What is the units digit of u?
6
Suppose 20*l = 19*l + 78. What is the units digit of l?
8
Suppose -q - 9 = -3*l, 4*l - 2 = 2*q + 8. Suppose -2*f = 3*n, -5 = -2*n + 3*f + 8. Suppose n*x = q*x - 4. What is the units digit of x?
4
Let a = -266 + 185. Let p = a - -135. Suppose 0 = 5*w + 19 - p. What is the units digit of w?
7
Let r(b) = b + 4. Let h be r(4). Let l be (-8)/((-12)/3) - 9. Let d = h + l. What is the units digit of d?
1
Suppose 1415 + 259 = 18*d. What is the tens digit of d?
9
Suppose -5*w - 40 = -5*x, 0 = x - 5*x + 8. Let j(s) = s**2 + 2*s - 8. What is the units digit of j(w)?
6
Let d = 1 + 2. Suppose 5*p - 76 = -2*s, d*s - 23 = -3*p + 28. What is the tens digit of p?
1
Let g = -16 + 32. Let a be 4/g - 215/(-4). Suppose -16 = 3*o + 5*l - a, 5*o - 26 = l. What is the units digit of o?
6
Let v = 0 + 1. What is the tens digit of 10 - (0 - 0 - v)?
1
Suppose 0*b + 3*b - 33 = -5*i, -3*i = b - 15. Suppose -2*g = -b - 0. Suppose -r + g*n + 0*n + 1 = 0, 3*r = 4*n + 18. What is the tens digit of r?
1
Suppose q + 17 = -0*q. Let x = q - -18. What is the units digit of x?
1
Let q = -5 + 8. Suppose q*c - 48 = -c. Suppose -3*x - x + c = 0. What is the units digit of x?
3
Let r(g) = -g**2 + 11*g - 8. Let w be r(8). What is the tens digit of (-2)/w*-4*38?
1
Suppose 0 = 4*w + j - 11, -3*w + 4 = 3*j + 2*j. Let x be 2/(4/2)*1. Suppose -w*i - x = -4*i, c - 4 = 4*i. What is the units digit of c?
8
Let g(f) be the third derivative of f**6/120 - f**5/12 + f**4/6 + 2*f**3/3 - 2*f**2. What is the units digit of g(4)?
4
Suppose 1 - 10 = -o. Suppose o = -r + 4*r. What is the units digit of r?
3
Let v(k) = -k**3 + 6*k**2 - 3*k - 5. Let h be v(5). Suppose h*z = 5*p - 140, -z + 2*z = -5*p + 170. What is the tens digit of p?
3
Let h(o) = -o**3 + 5*o**2 - 4*o - 1. Let w be h(4). What is the units digit of (w + 3)/(6/45)?
5
Let n(r) = r + 12. Let l(g) = -g**3 + 2*g - 2. Let k be l(2). Let s be n(k). Suppose -s = -2*x - 0. What is the units digit of x?
3
Let d = 58 + -89. What is the tens digit of d/(-2)*(11 - 9)?
3
Suppose -203 = -5*o + 7. Suppose 5*l - 59 = -3*p, -4*l - 2*p = 3*p - o. What is the tens digit of l?
1
Let a(j) = j + 3. Let p be a(-3). Suppose p = -4*o + 2*o. Suppose f - 2*f + 8 = o. What is the units digit of f?
8
Let y(h) = 2*h**2 + 12*h + 23. What is the tens digit of y(-7)?
3
Let k be (1/2)/(3/12). Suppose 4*d + 3*n + 8 = k*d, 3*n + 22 = 5*d. What is the units digit of (-2 + d - -12) + -1?
1
Let m(v) = -v + v**2 - 2*v**3 + 7*v**3 + 0*v**3 - 4*v**3 - 1. What is the units digit of m(2)?
9
Let u(o) = -o**2 + 2*o + 34. What is the tens digit of u(0)?
3
Suppose -25 = c + 4*c. Let x = c + 10. What is the units digit of x?
5
Let r(o) = -o**3 + 5*o**2 - 3*o + 4. Let m be 4/(-5)*(-20)/4. What is the units digit of r(m)?
8
Let i = 1 - -1. Suppose 0 = i*c - c - 8. What is the units digit of c?
8
Suppose 0*f - 2*o + 6 = 2*f, 5*o - 13 = -4*f. Let a be (-2 + -1)/(3/(-9)). Suppose -j - a = -f*j. What is the units digit of j?
9
Let s(a) = -a. Let m be s(-3). Suppose -5*o = -6*o + 2*d + 12, -36 = -m*o + 2*d. What is the tens digit of o?
1
Let r(k) = k**3 + 9*k**2 - k - 7. Let g be r(-9). Suppose u + 25 = g*o, -u = -4*o + 6*o - 15. What is the tens digit of o?
1
Let v = 33 - -44. What is the tens digit of v?
7
Suppose -v + 151 = -3. Let c = 294 - v. What is the tens digit of c/15 + (-2)/(-3)?
1
Let b(d) = -3*d - 2. Let q be b(-3). Let v = 4 - q. Let s = -2 - v. What is the units digit of s?
1
Let k be 8/3*(-63)/12. What is the tens digit of (-4)/k - (-375)/35?
1
Suppose -n = 8 - 20. Let v be (n/1)/((-3)/4). What is the units digit of (5/(-4))/(4/v)?
5
Let n(q) = q + 4. Let a be n(-4). Let j = 4 + a. What is the units digit of j?
4
Let c(x) = 33*x**2 + x + 1. What is the units digit of c(-1)?
3
Let u be 6 - (5 + -1 + -1). Suppose 6*q - u*q = 33. What is the tens digit of q?
1
Let f(m) = 9*m**2 - 3*m - 7. What is the tens digit of f(3)?
6
Let u be (-10)/(-2) - (3 + 0). Suppose -25 = -d + 4*r, -3*d - u*r + 191 = 2*d. What is the tens digit of d?
3
Let r(l) = -l**3 + 10*l**2 + 18*l - 15. What is the tens digit of r(11)?
6
Suppose -5*n - 15 = -2*s, 3*s - n + 6 = -3*n. Suppose j + 2*k - 12 = s, -2*j + 2*k = -1 - 11. What is the units digit of j?
8
Suppose -19 - 2 = -3*o. Let m(a) = a - 5. Let z be m(o). Suppose 3*u - 2*q + q = 6, q = z*u - 4. What is the units digit of u?
2
Let t be (-4)/(-6) - 4/(-12). Let h(m) = -m**3 + 3*m**2 + m. Let b be h(3). Su